What is the highest common divisor of 596 and 7440?
4
What is the highest common factor of 107667 and 45?
9
Calculate the highest common factor of 161336 and 42.
14
Calculate the greatest common factor of 4218 and 2886.
222
What is the greatest common factor of 23 and 18372377?
23
What is the greatest common divisor of 676 and 336388?
52
Calculate the greatest common factor of 1441091 and 347.
347
Calculate the greatest common factor of 10062 and 6318.
234
Calculate the greatest common factor of 2565963 and 612.
153
Calculate the highest common factor of 501075 and 459.
153
What is the highest common factor of 8471 and 86?
43
What is the highest common factor of 114 and 3856?
2
What is the highest common divisor of 8316 and 2849?
77
Calculate the highest common divisor of 25761 and 186.
93
Calculate the greatest common factor of 117494 and 1092.
26
Calculate the greatest common factor of 48 and 3709284.
12
Calculate the highest common divisor of 5 and 2044855.
5
Calculate the highest common factor of 39304 and 40.
8
What is the greatest common factor of 2073 and 1887121?
691
What is the highest common divisor of 2547 and 8388?
9
What is the greatest common factor of 82309 and 371?
53
Calculate the greatest common factor of 130 and 8090.
10
What is the highest common divisor of 784 and 2303?
49
What is the greatest common factor of 8456 and 826?
14
What is the highest common factor of 6205 and 152065?
85
Calculate the greatest common divisor of 1479 and 4315722.
1479
What is the highest common factor of 77882 and 14?
14
Calculate the highest common divisor of 426 and 298839.
213
What is the highest common factor of 4992 and 5096?
104
What is the highest common factor of 23760 and 25488?
432
Calculate the greatest common divisor of 167819 and 1132.
283
What is the greatest common divisor of 20720 and 2660?
140
What is the highest common divisor of 96 and 34224?
48
What is the greatest common factor of 2120 and 61904?
424
Calculate the highest common divisor of 823008 and 384.
96
Calculate the greatest common factor of 3536 and 32928.
16
What is the greatest common factor of 30 and 11720?
10
Calculate the highest common divisor of 110531 and 3638.
107
Calculate the highest common divisor of 15 and 3326.
1
Calculate the highest common factor of 32 and 4010.
2
What is the greatest common divisor of 280 and 10696?
56
What is the highest common divisor of 567 and 7633143?
189
What is the highest common factor of 318 and 13303?
53
What is the greatest common divisor of 1744038 and 324?
54
What is the highest common factor of 587 and 10964573?
587
What is the highest common divisor of 161 and 2573723?
23
What is the highest common factor of 215 and 4177235?
215
What is the highest common divisor of 85293 and 81?
81
Calculate the greatest common factor of 116 and 288927.
29
Calculate the highest common factor of 140491 and 6955.
1391
Calculate the greatest common divisor of 3877109 and 53.
53
What is the greatest common divisor of 121880 and 715?
55
What is the greatest common factor of 390 and 695520?
30
What is the highest common factor of 84 and 269444?
28
What is the highest common divisor of 2182635 and 1014?
507
Calculate the highest common factor of 14841 and 5712.
51
Calculate the highest common factor of 378 and 10752.
42
What is the highest common factor of 7136 and 4683?
223
What is the highest common factor of 9137778 and 2316?
1158
Calculate the highest common divisor of 840 and 16140.
60
Calculate the greatest common factor of 42 and 52980.
6
What is the greatest common factor of 94 and 1692?
94
What is the greatest common divisor of 224 and 11056?
16
Calculate the highest common factor of 7460 and 940.
20
What is the greatest common factor of 571688 and 13?
13
Calculate the highest common factor of 3553 and 6897.
209
Calculate the highest common divisor of 17352 and 96.
24
What is the greatest common factor of 210 and 15596?
14
What is the highest common factor of 60836 and 38136?
908
What is the highest common factor of 16353 and 2370?
237
What is the greatest common factor of 321489 and 882?
441
Calculate the highest common divisor of 1118 and 1586.
26
Calculate the highest common divisor of 1957 and 323.
19
Calculate the greatest common divisor of 1067196 and 468.
156
Calculate the highest common divisor of 114816 and 1152.
384
What is the highest common divisor of 44 and 2710180?
44
What is the highest common divisor of 6489 and 77049?
63
Calculate the greatest common factor of 37 and 11359.
37
Calculate the greatest common factor of 28 and 146083.
7
Calculate the highest common divisor of 18818 and 21728.
194
Calculate the greatest common divisor of 2050 and 1066.
82
Calculate the greatest common divisor of 53924 and 16524.
68
What is the greatest common factor of 117799 and 77?
11
What is the highest common divisor of 13452 and 30?
6
Calculate the greatest common divisor of 609 and 5019.
21
Calculate the greatest common factor of 310312 and 4910.
982
Calculate the highest common divisor of 23276 and 11968.
44
What is the highest common factor of 160 and 12435?
5
What is the highest common divisor of 11871 and 72?
9
Calculate the highest common divisor of 816 and 14178.
102
Calculate the highest common factor of 6 and 249846.
6
What is the highest common factor of 4430 and 6830?
10
Calculate the greatest common factor of 14596 and 11152.
164
Calculate the greatest common factor of 814 and 143.
11
What is the greatest common divisor of 108824 and 34342?
446
What is the greatest common factor of 372 and 2682182?
62
Calculate the highest common factor of 6587 and 56.
7
What is the greatest common factor of 5368 and 65392?
488
Calculate the highest common divisor of 1802 and 459.
17
Calculate the highest common divisor of 7980 and 111321.
399
Calculate the greatest common factor of 1024 and 26912.
32
What is the highest common divisor of 32882 and 11890?
82
What is the highest common divisor of 192733 and 37?
37
What is the greatest common factor of 480 and 319008?
96
What is the highest common factor of 28 and 13258?
14
What is the highest common divisor of 867 and 1751?
17
Calculate the greatest common factor of 2648 and 104.
8
What is the greatest common divisor of 62808 and 96?
24
Calculate the greatest common factor of 2208 and 14248.
8
What is the greatest common factor of 2437539 and 39?
39
What is the highest common factor of 9273 and 1683?
33
What is the highest common factor of 324 and 530388?
324
Calculate the highest common factor of 12 and 48876.
12
Calculate the greatest common divisor of 5 and 80335.
5
Calculate the greatest common divisor of 9864 and 19865.
137
Calculate the highest common factor of 252 and 99204.
84
Calculate the greatest common divisor of 1416221 and 1522.
761
Calculate the highest common divisor of 1 and 102337.
1
What is the highest common factor of 61955 and 10?
5
Calculate the greatest common divisor of 5681 and 32552.
13
What is the greatest common divisor of 3430 and 640?
10
What is the highest common factor of 24 and 979656?
24
Calculate the greatest common divisor of 208 and 11804.
52
What is the highest common divisor of 644 and 20378?
46
What is the greatest common factor of 15565 and 44?
11
What is the highest common divisor of 158 and 130745?
79
Calculate the highest common factor of 2345 and 1420.
5
Calculate the highest common factor of 4780 and 23.
1
What is the greatest common factor of 1510 and 49870?
10
What is the greatest common divisor of 2698 and 41535?
71
Calculate the greatest common factor of 1152 and 963.
9
What is the greatest common factor of 351 and 4095?
117
What is the highest common factor of 77444 and 684?
76
What is the highest common divisor of 1526 and 21582?
218
Calculate the highest common factor of 63 and 52878.
21
What is the highest common divisor of 4739560 and 560?
280
What is the greatest common divisor of 9622 and 17833?
17
Calculate the highest common divisor of 67591 and 2104.
263
Calculate the greatest common divisor of 15750 and 546.
42
Calculate the greatest common divisor of 471210 and 14178.
834
Calculate the highest common divisor of 174798 and 666.
18
Calculate the highest common divisor of 995820 and 24.
12
What is the greatest common factor of